{"id":95,"date":"2018-07-11T13:53:16","date_gmt":"2018-07-11T13:53:16","guid":{"rendered":"https:\/\/projects.lsv.ens-paris-saclay.fr\/confsrentree\/?page_id=95"},"modified":"2018-09-11T14:21:27","modified_gmt":"2018-09-11T14:21:27","slug":"vers-une-informatique-de-la-cellule-programmes-biochimiques-naturels-et-synthetiques","status":"publish","type":"page","link":"https:\/\/projects.lsv.ens-paris-saclay.fr\/confsrentree\/?page_id=95","title":{"rendered":"Vers une informatique de la cellule: programmes biochimiques naturels et synth\u00e9tiques"},"content":{"rendered":"<p><img loading=\"lazy\" decoding=\"async\" class=\" alignright\" src=\"https:\/\/lifeware.inria.fr\/wiki\/img\/Fages.jpg\" width=\"143\" height=\"179\" \/><\/p>\n<p><a href=\"https:\/\/lifeware.inria.fr\/wiki\/Fages\/HomePage\">Fran\u00e7ois Fages<\/a>, \u00e9quipe <a href=\"https:\/\/lifeware.inria.fr\/wiki\/Main\/HomePage\/\">LifeWare<\/a>, INRIA.<\/p>\n<p>[Voir les <a href=\"https:\/\/lifeware.inria.fr\/~fages\/Fages18ens3h.pdf\">transparents<\/a>.]<\/p>\n<p>La biologie des syst\u00e8mes est un courant de recherche multi-disciplinaire qui cherche \u00e0 comprendre les processus biologiques en termes des interactions biochimiques \u00e0 l&#8217;\u00e9chelle de la cellule.<\/p>\n<p>Pour l&#8217;informaticien, la difficult\u00e9 n&#8217;est pas tant dans le nombre d&#8217;esp\u00e8ces mol\u00e9culaires et de leurs interactions, que dans la nature non conventionnelle du calcul biochimique qui est concurrent, distribu\u00e9, principalement analogique, et acquis par l&#8217;\u00e9volution.<\/p>\n<p>Le pari de voir les cellules comme des machines mol\u00e9culaires, et les syst\u00e8mes de r\u00e9actions biochimiques comme des programmes, lance de nouveaux d\u00e9fis \u00e0 l&#8217;informatique fondamentale et ouvre de nouvelles perspectives en biologie et en m\u00e9decine.<\/p>\n<p>Dans cette conf\u00e9rence nous pr\u00e9senterons quelques concepts cl\u00e9s de cette d\u00e9marche, et les illustrerons par des succ\u00e8s obtenus dans l&#8217;\u00e9lucidation de r\u00e9seaux de signalisation cellulaire, de commande du cycle de division cellulaire, ainsi que la programmation de v\u00e9sicules artificiels.<\/p>\n","protected":false},"excerpt":{"rendered":"<p>Fran\u00e7ois Fages, \u00e9quipe LifeWare, INRIA. [Voir les transparents.] La biologie des syst\u00e8mes est un courant de recherche multi-disciplinaire qui cherche \u00e0 comprendre les processus biologiques en termes des interactions biochimiques \u00e0 l&#8217;\u00e9chelle de la cellule. Pour l&#8217;informaticien, la difficult\u00e9 n&#8217;est pas tant dans le nombre d&#8217;esp\u00e8ces mol\u00e9culaires et de leurs interactions, que dans la nature [&hellip;]<\/p>\n","protected":false},"author":1,"featured_media":0,"parent":0,"menu_order":0,"comment_status":"closed","ping_status":"closed","template":"","meta":{"footnotes":""},"class_list":["post-95","page","type-page","status-publish","hentry"],"_links":{"self":[{"href":"https:\/\/projects.lsv.ens-paris-saclay.fr\/confsrentree\/index.php?rest_route=\/wp\/v2\/pages\/95","targetHints":{"allow":["GET"]}}],"collection":[{"href":"https:\/\/projects.lsv.ens-paris-saclay.fr\/confsrentree\/index.php?rest_route=\/wp\/v2\/pages"}],"about":[{"href":"https:\/\/projects.lsv.ens-paris-saclay.fr\/confsrentree\/index.php?rest_route=\/wp\/v2\/types\/page"}],"author":[{"embeddable":true,"href":"https:\/\/projects.lsv.ens-paris-saclay.fr\/confsrentree\/index.php?rest_route=\/wp\/v2\/users\/1"}],"replies":[{"embeddable":true,"href":"https:\/\/projects.lsv.ens-paris-saclay.fr\/confsrentree\/index.php?rest_route=%2Fwp%2Fv2%2Fcomments&post=95"}],"version-history":[{"count":3,"href":"https:\/\/projects.lsv.ens-paris-saclay.fr\/confsrentree\/index.php?rest_route=\/wp\/v2\/pages\/95\/revisions"}],"predecessor-version":[{"id":124,"href":"https:\/\/projects.lsv.ens-paris-saclay.fr\/confsrentree\/index.php?rest_route=\/wp\/v2\/pages\/95\/revisions\/124"}],"wp:attachment":[{"href":"https:\/\/projects.lsv.ens-paris-saclay.fr\/confsrentree\/index.php?rest_route=%2Fwp%2Fv2%2Fmedia&parent=95"}],"curies":[{"name":"wp","href":"https:\/\/api.w.org\/{rel}","templated":true}]}}