{"id":163,"date":"2019-09-05T13:09:48","date_gmt":"2019-09-05T13:09:48","guid":{"rendered":"https:\/\/projects.lsv.ens-paris-saclay.fr\/confsrentree\/?page_id=163"},"modified":"2019-09-05T13:09:48","modified_gmt":"2019-09-05T13:09:48","slug":"mathematique-du-langage","status":"publish","type":"page","link":"https:\/\/projects.lsv.ens-paris-saclay.fr\/confsrentree\/?page_id=163","title":{"rendered":"Math\u00e9matique du langage"},"content":{"rendered":"<p><a href=\"https:\/\/pro.univ-lille.fr\/sylvain-salvati\/\">Sylvain Salvati<\/a>, <a href=\"https:\/\/www.univ-lille.fr\/\">Universit\u00e9 de Lille<\/a>, <a href=\"https:\/\/www.cristal.univ-lille.fr\/\">CRIStAL<\/a><\/p>\n<p>Les travaux de mod\u00e9lisation du langage par Noam Chomsky sont contemporains de la naissance de l&#8217;informatique. La premi\u00e8re<br \/>\nmod\u00e9lisation de l&#8217;anglais qu&#8217;il a propos\u00e9e a servi par la suite \u00e0 d\u00e9finir la syntaxe des langages de programmation.<\/p>\n<p>Au cours de cet expos\u00e9, nous verrons plus en d\u00e9tail comment les questions relatives \u00e0 la mod\u00e9lisation du langage croisent celles de l&#8217;algorithmique et des probl\u00e9matiques proches<br \/>\nde celles de l&#8217;informatique.<\/p>\n","protected":false},"excerpt":{"rendered":"<p>Sylvain Salvati, Universit\u00e9 de Lille, CRIStAL Les travaux de mod\u00e9lisation du langage par Noam Chomsky sont contemporains de la naissance de l&#8217;informatique. La premi\u00e8re mod\u00e9lisation de l&#8217;anglais qu&#8217;il a propos\u00e9e a servi par la suite \u00e0 d\u00e9finir la syntaxe des langages de programmation. Au cours de cet expos\u00e9, nous verrons plus en d\u00e9tail comment les [&hellip;]<\/p>\n","protected":false},"author":1,"featured_media":0,"parent":0,"menu_order":0,"comment_status":"closed","ping_status":"closed","template":"","meta":{"footnotes":""},"class_list":["post-163","page","type-page","status-publish","hentry"],"_links":{"self":[{"href":"https:\/\/projects.lsv.ens-paris-saclay.fr\/confsrentree\/index.php?rest_route=\/wp\/v2\/pages\/163","targetHints":{"allow":["GET"]}}],"collection":[{"href":"https:\/\/projects.lsv.ens-paris-saclay.fr\/confsrentree\/index.php?rest_route=\/wp\/v2\/pages"}],"about":[{"href":"https:\/\/projects.lsv.ens-paris-saclay.fr\/confsrentree\/index.php?rest_route=\/wp\/v2\/types\/page"}],"author":[{"embeddable":true,"href":"https:\/\/projects.lsv.ens-paris-saclay.fr\/confsrentree\/index.php?rest_route=\/wp\/v2\/users\/1"}],"replies":[{"embeddable":true,"href":"https:\/\/projects.lsv.ens-paris-saclay.fr\/confsrentree\/index.php?rest_route=%2Fwp%2Fv2%2Fcomments&post=163"}],"version-history":[{"count":2,"href":"https:\/\/projects.lsv.ens-paris-saclay.fr\/confsrentree\/index.php?rest_route=\/wp\/v2\/pages\/163\/revisions"}],"predecessor-version":[{"id":165,"href":"https:\/\/projects.lsv.ens-paris-saclay.fr\/confsrentree\/index.php?rest_route=\/wp\/v2\/pages\/163\/revisions\/165"}],"wp:attachment":[{"href":"https:\/\/projects.lsv.ens-paris-saclay.fr\/confsrentree\/index.php?rest_route=%2Fwp%2Fv2%2Fmedia&parent=163"}],"curies":[{"name":"wp","href":"https:\/\/api.w.org\/{rel}","templated":true}]}}